 509, 318191
What are the prime factors of 1720482910?
2, 5, 223, 771517
List the prime factors of 20975967.
3, 2330663
What are the prime factors of 469389119?
469389119
What are the prime factors of 15274553?
7, 23, 94873
What are the prime factors of 3132300943?
1277, 2452859
List the prime factors of 277053774.
2, 3, 383, 120563
What are the prime factors of 686017434?
2, 3, 197, 349, 1663
What are the prime factors of 2566203415?
5, 1913, 268291
List the prime factors of 1705478482.
2, 167, 1823, 2801
List the prime factors of 63256795.
5, 7, 19, 107, 127
What are the prime factors of 924934451?
7, 8087, 16339
What are the prime factors of 869896753?
11, 7879, 10037
What are the prime factors of 1128935538?
2, 3, 62718641
What are the prime factors of 1727679118?
2, 11, 29, 2707961
List the prime factors of 77757209.
77757209
List the prime factors of 1251225966.
2, 3, 37, 5636153
What are the prime factors of 239561750?
2, 5, 29, 173, 191
What are the prime factors of 4353849073?
7, 17, 36586967
List the prime factors of 908186852.
2, 17, 19, 29, 24239
What are the prime factors of 3228529782?
2, 3, 31, 2861, 6067
What are the prime factors of 181492237?
19, 29, 329387
What are the prime factors of 1799046893?
7, 37, 53, 131059
What are the prime factors of 21508977?
3, 7, 389, 2633
What are the prime factors of 10065146?
2, 7, 13, 29, 1907
What are the prime factors of 188981258?
2, 19, 1181, 4211
List the prime factors of 70609927.
70609927
List the prime factors of 168447382.
2, 84223691
What are the prime factors of 2219097347?
2219097347
List the prime factors of 51910435.
5, 17, 29, 21059
List the prime factors of 160283540.
2, 5, 8014177
List the prime factors of 344783310.
2, 3, 5, 19, 604883
What are the prime factors of 728616442?
2, 364308221
What are the prime factors of 1199907405?
3, 5, 547, 16249
What are the prime factors of 126302766?
2, 3, 19, 137, 8087
What are the prime factors of 19397744?
2, 883, 1373
What are the prime factors of 74256967?
449, 165383
List the prime factors of 1568391.
3, 11, 47527
What are the prime factors of 3242874701?
11, 409, 503, 1433
List the prime factors of 37795682.
2, 1901, 9941
List the prime factors of 1253836315.
5, 19, 29, 199, 2287
What are the prime factors of 227477972?
2, 29, 79, 103, 241
List the prime factors of 77239391.
53, 103, 14149
What are the prime factors of 5310531689?
17, 67, 4662451
List the prime factors of 191303296.
2, 1494557
List the prime factors of 110470065.
3, 5, 7364671
List the prime factors of 289731585.
3, 5, 11, 13, 293, 461
List the prime factors of 210964136.
2, 97, 271861
List the prime factors of 56575463.
7, 2011, 4019
List the prime factors of 461330816.
2, 3604147
List the prime factors of 874574009.
19, 113, 407347
List the prime factors of 1326309630.
2, 3, 5, 19, 43, 53, 1021
List the prime factors of 1989962455.
5, 13, 17, 29, 62099
What are the prime factors of 154264500?
2, 3, 5, 13, 293
What are the prime factors of 380854093?
16699, 22807
List the prime factors of 174369386.
2, 43, 1409, 1439
List the prime factors of 61322041.
11, 5574731
List the prime factors of 93679603.
93679603
What are the prime factors of 68661770?
2, 5, 6866177
What are the prime factors of 1946651780?
2, 5, 101, 963689
List the prime factors of 5174758659.
3, 7, 11329, 21751
List the prime factors of 7573125387.
3, 2524375129
What are the prime factors of 148377708?
2, 3, 4121603
List the prime factors of 725895976.
2, 13, 6979769
What are the prime factors of 40234149?
3, 4470461
What are the prime factors of 18233549?
23, 31, 107, 239
List the prime factors of 4141641651.
3, 7, 71, 83, 683
List the prime factors of 1300616661.
3, 53, 8179979
List the prime factors of 455211668.
2, 59, 67, 28789
What are the prime factors of 65053474?
2, 37, 827, 1063
What are the prime factors of 902798002?
2, 37, 329729
What are the prime factors of 38931629?
11, 31, 97, 107
What are the prime factors of 128567223?
3, 389, 12241
List the prime factors of 52932234.
2, 3, 257, 34327
What are the prime factors of 25987412?
2, 11, 53693
List the prime factors of 1877303585.
5, 23, 3413, 4783
What are the prime factors of 63847014?
2, 3, 7, 11, 138197
List the prime factors of 8214498.
2, 3, 19, 24019
What are the prime factors of 1591189552?
2, 97, 101, 10151
List the prime factors of 608565198.
2, 3, 101, 1004233
List the prime factors of 64324122.
2, 3, 2309, 4643
What are the prime factors of 2573086050?
2, 3, 5, 137, 41737
List the prime factors of 15845611.
379, 41809
List the prime factors of 72477483.
3, 13, 193, 9629
List the prime factors of 499734798.
2, 3, 9013, 9241
List the prime factors of 322443308.
2, 11, 37, 53, 101
List the prime factors of 65087634.
2, 3, 10847939
What are the prime factors of 666599945?
5, 11, 29, 417931
List the prime factors of 34031339.
349, 97511
What are the prime factors of 150725053?
613, 245881
What are the prime factors of 88021247?
79, 1114193
What are the prime factors of 37832613?
3, 7, 13, 138581
List the prime factors of 148614193.
7, 13, 1633123
What are the prime factors of 48394709?
11, 107, 41117
What are the prime factors of 974922571?
7, 19896379
List the prime factors of 115969969.
115969969
What are the prime factors of 3648974138?
2, 523, 997, 3499
What are the prime factors of 106881740?
2, 5, 7, 109063
List the prime factors of 1920576282.
2, 3, 1753, 182599
What are the prime factors of 69959957?
19, 3682103
List the prime factors of 110335506.
2, 3, 43, 53, 8069
List the prime factors of 77185433.
13, 5937341
What are the prime factors of 1048989428?
2, 23, 41, 47, 61, 97
What are the prime factors of 971350887?
3, 13, 24906433
List the prime factors of 84983979.
3, 19, 263, 5669
What are the prime factors of 71617425?
3, 5, 11, 47, 1847
List the prime factors of 1712603987.
17, 701, 143711
What are the prime factors of 191998583?
7, 199, 137831
What are the prime factors of 159371267?
11, 14488297
What are the prime factors of 666820531?
13, 23, 347, 6427
List the prime factors of 176184537.
3, 307, 191297
What are the prime factors of 68351223?
3, 41, 317, 1753
List the prime factors of 150777062.
2, 75388531
What are the prime factors of 2644872505?
5, 11, 48088591
What are the prime factors of 155528883?
3, 443, 13003
List the prime factors of 3380907296.
2, 13, 8127181
What are the prime factors of 48180557?
1459, 33023
What are the prime factors of 533129355?
3, 5, 11, 41, 109, 241
What are the prime factors of 61541038?
2, 13, 19, 124577
What are the prime factors of 777206782?
2, 11, 17, 2078093
List the prime factors of 93390006.
2, 3, 15565001
List the prime factors of 54478105.
5, 11, 990511
What are the prime factors of 5418152524?
2, 613, 2209687
List the prime factors of 306036299.
211, 691, 2099
List the prime factors of 88584507.
3, 11, 894793
What are the prime factors of 41696368?
2, 7, 372289
List the prime factors of 1698604210.
2, 5, 4139, 41039
List the prime factors of 116446401.
3, 23, 47, 11969
List the prime factors of 106699838.
2, 7, 7621417
List the prime factors of 3449047981.
29, 37, 53, 60649
List the prime factors of 88756561.
131, 677531
What are the prime factors of 87447215?
5, 19, 920497
What are the prime factors of 20808490?
2, 5, 2080849
What are the prime factors of 114901462?
2, 13, 281, 15727
What are the prime factors of 202915842?
2, 3, 17, 29, 181, 379
What are the prime factors of 134686810?
2, 5, 991, 13591
List the prime factors of 56955035.
5, 11391007
What are the prime factors of 62769534?
2, 3, 47, 222587
What are the prime factors of 529602200?
2, 5, 19, 139369
List the prime factors of 106452459.
3, 19, 622529
What are the prime factors of 2411048134?
2, 11, 109593097
What are the prime factors of 391336125?
3, 5, 521, 2003
What are the prime factors of 1408941731?
433, 503, 6469
List the prime factors of 1439846126.
2, 719923063
List the prime factors of 303881087.
8219, 36973
List the prime factors of 5181092162.
2, 17321, 149561
List the prime factors of 168535478.
2, 84267739
What are the prime factors of 2746877832?
2, 3, 449, 1049
List the prime factors of 2275210798.
2, 7, 162515057
List the prime factors of 118499315.
5, 11, 2154533
What are the pri